{"id":952,"date":"2017-02-12T21:27:01","date_gmt":"2017-02-12T20:27:01","guid":{"rendered":"http:\/\/www.f3f.fr\/portails-volets-clotures-stores\/?page_id=952"},"modified":"2017-02-17T17:36:21","modified_gmt":"2017-02-17T16:36:21","slug":"historique","status":"publish","type":"page","link":"https:\/\/www.f3f.fr\/portails-volets-clotures-stores\/historique\/","title":{"rendered":"Historique"},"content":{"rendered":"<div class=\"penci-column column-1-2\"><strong>FERMETURES DES TROIS FRONTIERES<\/strong> a \u00e9t\u00e9 fond\u00e9e en 2000 par Jean-Paul BETTENFELD apr\u00e8s 20 ans d&rsquo;exp\u00e9rience dans le domaine.<\/p>\n<p>Situ\u00e9e au coeur du Pays des Trois Fronti\u00e8res (France, Luxembourg, Allemagne) toute l&rsquo;\u00e9quipe de <strong>FERMETURES DES TROIS FRONTIERES<\/strong> se mobilise chaque jour afin de vous satisfaire.<\/p>\n<p>La soci\u00e9t\u00e9 <strong>FERMETURES DES TROIS FRONTIERES<\/strong> est sp\u00e9cialis\u00e9e dans toutes les fermetures ext\u00e9rieures du b\u00e2timent, que ce soit en neuf ou en r\u00e9novation.<\/div>\n<div class=\"penci-column column-last column-1-2\"><img fetchpriority=\"high\" decoding=\"async\" class=\"alignnone size-medium wp-image-982\" src=\"http:\/\/www.f3f.fr\/portails-volets-clotures-stores\/wp-content\/uploads\/2017\/02\/OZLA121106_WZ-H-300x200.jpg\" alt=\"\" width=\"300\" height=\"200\" srcset=\"https:\/\/www.f3f.fr\/portails-volets-clotures-stores\/wp-content\/uploads\/2017\/02\/OZLA121106_WZ-H-300x200.jpg 300w, https:\/\/www.f3f.fr\/portails-volets-clotures-stores\/wp-content\/uploads\/2017\/02\/OZLA121106_WZ-H-768x512.jpg 768w, https:\/\/www.f3f.fr\/portails-volets-clotures-stores\/wp-content\/uploads\/2017\/02\/OZLA121106_WZ-H-1024x683.jpg 1024w, https:\/\/www.f3f.fr\/portails-volets-clotures-stores\/wp-content\/uploads\/2017\/02\/OZLA121106_WZ-H-1170x780.jpg 1170w, https:\/\/www.f3f.fr\/portails-volets-clotures-stores\/wp-content\/uploads\/2017\/02\/OZLA121106_WZ-H-585x390.jpg 585w, https:\/\/www.f3f.fr\/portails-volets-clotures-stores\/wp-content\/uploads\/2017\/02\/OZLA121106_WZ-H.jpg 2000w\" sizes=\"(max-width: 300px) 100vw, 300px\" \/><\/div>\n<div class=\"clearfix\"><\/div>\n","protected":false},"excerpt":{"rendered":"","protected":false},"author":1,"featured_media":979,"parent":0,"menu_order":0,"comment_status":"closed","ping_status":"closed","template":"","meta":{"content-type":"","_lmt_disableupdate":"","_lmt_disable":"","footnotes":""},"class_list":["post-952","page","type-page","status-publish","has-post-thumbnail","hentry"],"_links":{"self":[{"href":"https:\/\/www.f3f.fr\/portails-volets-clotures-stores\/wp-json\/wp\/v2\/pages\/952","targetHints":{"allow":["GET"]}}],"collection":[{"href":"https:\/\/www.f3f.fr\/portails-volets-clotures-stores\/wp-json\/wp\/v2\/pages"}],"about":[{"href":"https:\/\/www.f3f.fr\/portails-volets-clotures-stores\/wp-json\/wp\/v2\/types\/page"}],"author":[{"embeddable":true,"href":"https:\/\/www.f3f.fr\/portails-volets-clotures-stores\/wp-json\/wp\/v2\/users\/1"}],"replies":[{"embeddable":true,"href":"https:\/\/www.f3f.fr\/portails-volets-clotures-stores\/wp-json\/wp\/v2\/comments?post=952"}],"version-history":[{"count":8,"href":"https:\/\/www.f3f.fr\/portails-volets-clotures-stores\/wp-json\/wp\/v2\/pages\/952\/revisions"}],"predecessor-version":[{"id":1210,"href":"https:\/\/www.f3f.fr\/portails-volets-clotures-stores\/wp-json\/wp\/v2\/pages\/952\/revisions\/1210"}],"wp:featuredmedia":[{"embeddable":true,"href":"https:\/\/www.f3f.fr\/portails-volets-clotures-stores\/wp-json\/wp\/v2\/media\/979"}],"wp:attachment":[{"href":"https:\/\/www.f3f.fr\/portails-volets-clotures-stores\/wp-json\/wp\/v2\/media?parent=952"}],"curies":[{"name":"wp","href":"https:\/\/api.w.org\/{rel}","templated":true}]}}

<div class="penci-column column-1-2"><strong>FERMETURES DES TROIS FRONTIERES</strong> a été fondée en 2000 par Jean-Paul BETTENFELD après 20 ans d&rsquo;expérience dans le domaine.</p>
<p>Située au coeur du Pays des Trois Frontières (France, Luxembourg, Allemagne) toute l&rsquo;équipe de <strong>FERMETURES DES TROIS FRONTIERES</strong> se mobilise chaque jour afin de vous satisfaire.</p>
<p>La société <strong>FERMETURES DES TROIS FRONTIERES</strong> est spécialisée dans toutes les fermetures extérieures du bâtiment, que ce soit en neuf ou en rénovation.</div>
<div class="penci-column column-last column-1-2"><img fetchpriority="high" decoding="async" class="alignnone size-medium wp-image-982" src="http://www.f3f.fr/portails-volets-clotures-stores/wp-content/uploads/2017/02/OZLA121106_WZ-H-300x200.jpg" alt="" width="300" height="200" srcset="https://www.f3f.fr/portails-volets-clotures-stores/wp-content/uploads/2017/02/OZLA121106_WZ-H-300x200.jpg 300w, https://www.f3f.fr/portails-volets-clotures-stores/wp-content/uploads/2017/02/OZLA121106_WZ-H-768x512.jpg 768w, https://www.f3f.fr/portails-volets-clotures-stores/wp-content/uploads/2017/02/OZLA121106_WZ-H-1024x683.jpg 1024w, https://www.f3f.fr/portails-volets-clotures-stores/wp-content/uploads/2017/02/OZLA121106_WZ-H-1170x780.jpg 1170w, https://www.f3f.fr/portails-volets-clotures-stores/wp-content/uploads/2017/02/OZLA121106_WZ-H-585x390.jpg 585w, https://www.f3f.fr/portails-volets-clotures-stores/wp-content/uploads/2017/02/OZLA121106_WZ-H.jpg 2000w" sizes="(max-width: 300px) 100vw, 300px" /></div>
<div class="clearfix"></div>
